nits digit of o(-33)?
6
What is the thousands digit of (-390)/9*((-20)/(-15))/((-30)/26325)?
0
Suppose -3*k = -2*t + 7*t - 2874, -2*k - t + 1916 = 0. What is the tens digit of k?
5
Let i(v) be the second derivative of v**7/42 - v**6/360 + v**5/120 + 13*v**4/12 + 6*v. Let k(x) be the third derivative of i(x). What is the tens digit of k(1)?
5
Let i(t) = -3 + 5 - 2 - 4 - 4*t. Let f be i(-9). Suppose -4*h + 4*y + f = 0, 4*h - 2*y = h + 24. What is the units digit of h?
8
Suppose 6*p + 58 = p - 3*t, 3*t - 68 = 4*p. What is the units digit of ((-9)/(-5 - p))/((-1)/395)?
5
Suppose -k = -a - 70, 245 = -3*a - 8*k + 4*k. Let f = a - -439. What is the hundreds digit of f?
3
Let s(j) = -6*j**2 - 18*j + 85. Let k be s(10). Let h = k - -1512. What is the hundreds digit of h?
8
Let i be 1*(24/(-16))/(6/(-236)). Suppose 0 = -v - 3*v + 268. Let o = i + v. What is the units digit of o?
6
Let d(b) = -1308*b + 19. What is the thousands digit of d(-10)?
3
Let z = 27 + -23. Let g be z/14 + 470/70. Suppose -g*s + 6*s + 16 = 0. What is the units digit of s?
6
Let q = -17 + 15. Suppose 12 + 14 = 3*x - y, 2*y = -x + 4. What is the units digit of q*2/x*6 - -93?
0
Let y = -26 + 207. Suppose 0 = k - y - 466. What is the tens digit of k?
4
Suppose 0 = -4*r + 44577 - 11164 + 14799. What is the thousands digit of r?
2
Let z(d) = -169*d - 85. Suppose 9*h + 61 = -47. What is the units digit of z(h)?
3
Let s(r) = -30987*r + 827. What is the ten thousands digit of s(-1)?
3
Let k(f) = -2*f**2 - 35*f + 21. Suppose -18*t - 72 = -14*t. Let n be k(t). What is the tens digit of -3*((-47)/n - 5)?
6
Suppose -18*n + 10*n + 672 = 0. Let j = n - -18. What is the tens digit of j?
0
Suppose 5*c + 5*x = -15, 0*c - 2*c - 3*x = 8. Suppose 3*p - z - 10 = 0, -2*p + 0*z = -4*z. What is the units digit of ((-252)/p)/c + (-2)/(-2)?
4
Let n(f) = 18*f + 59. Let v be n(-3). Let l(c) = 37*c + 27. What is the units digit of l(v)?
2
Let d be (-5636)/(-10) - 3/5. Let c be -45 - -45 - (394 - 0). Let p = d + c. What is the hundreds digit of p?
1
Let a = 23397 + -13744. What is the tens digit of a?
5
Suppose -2*d = d + 15. Let o(i) = -4*i + 5*i**2 + i + 0*i - 1464028 + 1464026. What is the tens digit of o(d)?
3
Let d(x) = -559*x + 1568. What is the ten thousands digit of d(-37)?
2
Suppose 120 = 17*s - 14*s. Let n = 25 - s. Let r = 29 + n. What is the tens digit of r?
1
Let a(s) = 38*s + 16. Suppose q + 13 - 35 = -3*y, 0 = 4*q - 2*y - 46. Suppose 0 = 5*k - 2*z - 13, -2*k + 5*k + 4*z - q = 0. What is the hundreds digit of a(k)?
1
What is the tens digit of -6 - 100/(-16) - (-145229)/28?
8
Suppose -54*y = -3*h - 59*y + 31502, 0 = 3*h - 4*y - 31493. What is the thousands digit of h?
0
Let s = 1910 - 1646. Suppose 29 - 5 = 4*k. Suppose k*c - s = -42. What is the tens digit of c?
3
What is the thousands digit of 20 - (-7)/28*152356?
8
Let l(p) = 6*p - 51. Let a be l(9). Suppose a*w = -4*o + 1510, -w + 6*w - 2555 = o. What is the tens digit of w?
1
Let r(b) = b**3 + 9*b**2 + 4*b + 2. Let h be r(-8). Let i = -2316 + 2335. Suppose -u + i = -h. What is the units digit of u?
3
Suppose 754750 + 562324 = 66*i - 294118. What is the ten thousands digit of i?
2
Let m(n) = -920*n**2 - 7 + 8 - 5*n - 15 + 938*n**2. What is the tens digit of m(5)?
1
Let y be 5792/6*(-27)/12. What is the hundreds digit of y/(-8)*(-2)/(-3)?
1
Suppose -3*x = -5*x - 5*z - 32, -x - 3*z = 17. What is the tens digit of 2 + 5 + x + 1*292?
8
Suppose -5*u - 8*h + 4*h = -126, 4 = -4*h. Let y = u - -425. What is the tens digit of y?
5
Let t(d) = 22*d - 7. Let p = -50 + 19. Let r = -28 - p. What is the units digit of t(r)?
9
Suppose 13*u = -8*u + 70476. What is the units digit of u?
6
Let h = -451 + 16159. What is the thousands digit of h?
5
Let f(i) be the second derivative of 0*i**3 + 29*i + 0 - 1/2*i**2 + 1/12*i**4. What is the units digit of f(10)?
9
Suppose 0 = -2*r + 3*c + 34, -4*r - c + 32 = 2*c. Let w = 796 + r. What is the units digit of w?
7
Let s be (-5)/(-2) - 260/(-8). Let k = 131 + s. What is the units digit of k?
6
Let y(q) = q**2 + 5*q - 9. Let n be y(-7). Suppose -6 = -4*r + 5*l + 10, -n*r = -3*l - 33. Suppose -6*c - 333 = -r*c. What is the hundreds digit of c?
1
Suppose -145*k + 2194435 - 95125 = 0. What is the ten thousands digit of k?
1
Suppose 3*p = -p - 3*t + 35294, 5*t = p - 8789. What is the tens digit of p?
1
Let r be 20/8*-3*2/(-3). Suppose 16*v - r*v = 4785. What is the units digit of v?
5
Suppose -a + 2*a - 5941 = 2495. What is the thousands digit of a?
8
Let n(q) = 3*q + 81. Let s be n(-18). Suppose -24*x - 2145 = -s*x. What is the tens digit of x?
1
Let q(n) = 66*n - 124. Let y be q(19). Suppose -3*p + 6*p + 4*d = y, -1504 = -4*p - 4*d. What is the hundreds digit of p?
3
Let o = -125 - -132. Let q(w) = -6*w + 38. Let b be q(o). What is the hundreds digit of 3/8*b - 365/(-2)?
1
Suppose 208*z - 2561573 - 2481608 = 4844515. What is the tens digit of z?
3
Suppose -25*k + 20*k + 16358 = 4*h, 0 = 2*h - 5*k - 8164. What is the thousands digit of h?
4
Suppose 2*d - 3*v - 3571 = 48455, d + 4*v = 25980. What is the tens digit of d?
0
Let q = 74 - 72. Suppose 0 = -5*b + 5, q*j - 2*b = 2*b + 2. Suppose -2 = 4*v - 6, 732 = 3*k + j*v. What is the units digit of k?
3
Let j = 1362 + -666. Let i = j - 281. What is the tens digit of i?
1
Let f = -331 + 332. Let d(g) = 1314*g + 16. What is the thousands digit of d(f)?
1
Suppose 10*d = 6*d + 8. Let w be 5/d*2*856/10. What is the tens digit of w/(-2 - -1 - -3)?
1
Let a(l) = 5694*l + 140. What is the tens digit of a(1)?
3
Let q = 24418 + 12374. What is the tens digit of q?
9
Let l be 6/(-10) + (-680)/(-50). Let a(b) = b - 13. Let k be a(l). Suppose k = -j - 2*u + 64, 5*u = -0*j + 4*j - 191. What is the tens digit of j?
5
Suppose 4*r - 4 = y, 4*r - 31 = -2*y - r. What is the tens digit of (-1 - y/(-6))*813?
7
Let m(w) be the second derivative of 101*w**4/3 + 19*w. Let f be m(-1). Suppose 11*b - 15*b + f = 0. What is the tens digit of b?
0
Suppose 540 = 5*s + 5*z, 3*s + 4*z - 146 - 179 = 0. Let b be s + -9 + 2 + 2. What is the tens digit of b/4*32/8?
0
Let s(u) = 712*u - 37. Let d be s(13). Suppose 0 = 22*j - j - d. What is the hundreds digit of j?
4
What is the thousands digit of -1*2*((-3)/6)/((-1)/(-8263))?
8
Let a(s) be the first derivative of -s**4/2 + s**3/3 - s**2/2 + s + 15. Let c be a(1). What is the hundreds digit of (6/(-21))/(c/427)?
1
Suppose 6*w + 9 = 75. Suppose -w*i = -1146 - 42. What is the units digit of i?
8
Let n = 2 + -6. Let y(p) = -p**3 - 4*p**2 - p + 1. Let l be y(n). Suppose k = 5*x - 0*x + 42, l*x + 136 = 3*k. What is the tens digit of k?
4
Suppose 3563 = 3*b - 4*y - 16, -4*b - 4*y = -4744. Suppose a - 1204 = -2*f, -2*a + 3*a = f + b. What is the units digit of a?
4
Let w be (0 + 5)*(-16)/20 - 16. Let k = w + 131. Let o = 182 - k. What is the tens digit of o?
7
Let k(x) = -2*x**3 + 10*x**2 - 27*x - 40. What is the tens digit of k(-13)?
9
Let q be -5 + (7 - (-10 + 12)). Suppose 2*v + 5*n = 2988, 3*v - 2*n = 5*v - 2982. Suppose -7*r + v - 194 = q. What is the hundreds digit of r?
1
Suppose 25 = 7*p - 66. Suppose -p*f + 55 + 478 = 0. What is the tens digit of f?
4
Suppose 60*r - 94*r = -179894. What is the tens digit of r?
9
What is the ten thousands digit of (4307/365)/((-1)/(-2395))?
2
Let i(s) = 3*s**2 - 4*s - 10. Let r be i(-18). Let p be r/11 - (-2 + -1). Let x = 172 - p. What is the tens digit of x?
7
Suppose x - 9561 = -2*m + 14984, -5*m = -3*x + 73547. What is the tens digit of x?
2
Let v = -6 - -14. What is the units digit of (v/3)/((-7620)/(-846) + -9)?
6
Let k = -32 + 37. Let x(r) = 2*r - 10. Let l be x(k). What is the tens digit of -1 + l + -2 + 151 + 3?
5
Let h = 4449 - 1151. What is the tens digit of h?
9
Let d(o) = -3*o**3 + 5*o**2 + 13*o + 4. Let h(l) = 13*l**3 - 19*l**2 - 52*l - 17. Let u(a) = 9*d(a) + 2*h(a). What is the tens digit of u(7)?
9
Let q(h) = -87*h**3 + h**2 + 53*h + 31. What is the tens digit of q(-6)?
4
Suppose -80 + 134 = -9*b. Suppose 22 = 5*x + 7, -4*q + 4*x - 8 = 0. What is the units digit of (q + 1)*(-33)/b + 2?
3
Suppose -2*n = 2*n - y - 14, 7 = -n - 5*y. What is the hundreds digit of 2*(-2526)/(-12) - (n + -2)?
4
Let h be (13/(-2))/((-2)/36). Suppose m = 5*q + 547, 2*m - 674 = -2*q + 456. Suppose m - h = 5*k. What is the units digit of k